. What are the prime factors of w?
11
Suppose 5*r + 241 = 4*a, 3*a + 3*r = 45 + 156. List the prime factors of a.
2
Let k(f) = -f**3 + 4*f**2 + f + 5. List the prime factors of k(4).
3
Let u(l) = 8*l + 2. Let j(s) = -7*s - 2. Let b(c) = -6*j(c) - 5*u(c). What are the prime factors of b(2)?
2, 3
Let d = -41 - -66. What are the prime factors of d?
5
Let a(l) = -l**2 + 7*l - 1. Suppose 4*m = -5*r + 42, -3*r + 4*r - m = 3. Let z be a(r). Suppose c + 2*w - 1 = 3, z*c = 4*w + 48. List the prime factors of c.
2
Suppose -2 = -q - t, -30 = -3*q + 5*t - 8. Let u be q + (-1 - (-1 + 1)). Let d = u - -1. What are the prime factors of d?
2
Suppose 2*m - 9 = -m. What are the prime factors of (20/3 + -2)*m?
2, 7
Let r(o) be the first derivative of -o**4/4 + 5*o**3/3 - 3*o**2/2 + 4*o + 1. What are the prime factors of r(4)?
2
List the prime factors of -4 - 30/(-5) - -119.
11
Suppose 4 = 3*c - 2*c. What are the prime factors of (-425)/(-9) + c/(-18)?
47
Let o be 1/(-2 + 0)*-2. Let q = 14 + o. List the prime factors of q.
3, 5
Let k(y) = 2*y**3 - y**2 - 3*y + 3. Let p be k(2). Let l = -3 + p. What are the prime factors of l?
2, 3
Suppose 5*a = r - 171 + 48, 0 = 2*r - a - 246. List the prime factors of r.
3, 41
Suppose -2*x + 861 = 5*i - 230, 4*x = -2*i + 430. What are the prime factors of i?
3, 73
Let y = -102 + 194. List the prime factors of y.
2, 23
Let t = 10 + -6. Suppose -2*o - 60 = -t*w, -w + 5*o + 26 + 7 = 0. List the prime factors of w.
13
Suppose -5*v + 4*v + 3 = 0. Suppose v*d + 12 = 5*d. What are the prime factors of d?
2, 3
Suppose -5 = i - 0. Let j = i + 7. Suppose -4*k + j*d + 26 = 0, -3*k = k - 4*d - 20. List the prime factors of k.
2
Let z = -16 - -35. Suppose z + 1 = d. List the prime factors of d.
2, 5
Suppose 4*j - 357 = -4*i + 5*i, 4*j + 5*i - 351 = 0. What are the prime factors of j?
89
Suppose -2385 = 7*v - 22*v. What are the prime factors of v?
3, 53
Suppose 3 = -4*a - 21. Let k = -10 - a. Let n = k - -8. List the prime factors of n.
2
Suppose -4*m - 60 = 2*k, -145 = 3*k - 5*m - 55. Let f = k + 49. List the prime factors of f.
19
Suppose -5*n + 48 = -k + 4*k, k - 10 = -n. List the prime factors of n.
3
Let r = -4 + 14. Suppose -19*x = -17*x - r. What are the prime factors of x?
5
Suppose -10*l = -2*l - 1536. List the prime factors of l.
2, 3
Suppose 4*i - 7 = 5*d, -5 + 1 = -i - d. Suppose l = i*l - 106. Suppose -5*f - 13 = -l. What are the prime factors of f?
2
Let f(q) = 2 - 4 + 1 + 2*q**2 + 4. What are the prime factors of f(3)?
3, 7
Let o = -30 + 174. What are the prime factors of o?
2, 3
Let p(t) = t**2 + 7*t - 7. Let l be p(-8). What are the prime factors of 6/(l - (-1)/1)?
3
Let r = -20 - -45. List the prime factors of r.
5
Let x be 387/6*(-8)/(-12). Suppose 2*c + m = 49, c = -4*m + x - 8. What are the prime factors of c?
23
Let w = -9 - -18. What are the prime factors of w?
3
Suppose 3*j - 862 = k - 6*k, -3*k + 2*j = -502. List the prime factors of k.
2, 5, 17
Suppose 48 + 447 = 9*p. What are the prime factors of p?
5, 11
Let y = -2 + 5. Suppose -y*u = -u - 10. Suppose -j + 5*m + 32 = 0, u*j - 7*m + 4*m = 50. List the prime factors of j.
7
Let g(i) = i + 7. Let o be g(0). Let j(b) = 2*b**2 + 11*b - 1. Let n be j(-6). Let a = o - n. List the prime factors of a.
2
Let a = 83 + 29. What are the prime factors of a?
2, 7
Let c = 1 + -1. Let i = c - -1. Suppose 0 = -5*b - 2*a + 3 + i, a = -4*b + 5. List the prime factors of b.
2
Let k(r) = 19*r - 8. What are the prime factors of k(2)?
2, 3, 5
Let z(j) = -j**3 - j**2 + 4*j + 3. Let t be (1 - -1)*(-2)/2. Let q be z(t). Let x = 3 + q. What are the prime factors of x?
2
Suppose 4*c = 5*l + 2, 3*c = -l + 5*c + 2. Let z = -22 - -7. List the prime factors of l - (2 + z*1).
11
Let w(y) = -y**2 + 17*y - 19. What are the prime factors of w(15)?
11
Let p be 4/((-10)/6 + 2). What are the prime factors of p - (-3)/(-6)*6?
3
Let q(t) = -t - 4. Let z be q(-11). Let d(l) = -l**3 + 8*l**2 - 6*l + 8. List the prime factors of d(z).
3, 5
Let z = -72 - -31. Let p = -10 - z. What are the prime factors of p?
31
Let r = 5 + 0. Suppose r*y - 34 = 3*y. List the prime factors of y.
17
Let q be 16 - 1/((-1)/(-2)). Let v = q - -2. What are the prime factors of v?
2
Let i be -6*(-2)/(-10)*5. List the prime factors of (3/i)/1*-24.
2, 3
Let y(r) = r**3 + r**2 - 6*r - 1. What are the prime factors of y(5)?
7, 17
Suppose -5*m = -h + 26 + 2, 3*h - 4*m - 29 = 0. Suppose -44 = -4*a + 2*v, -5*a - h*v = 2*v - 85. What are the prime factors of a?
13
Let b(i) = -i**3 + 9*i**2 - 9*i + 4. List the prime factors of b(7).
3, 13
Let i(h) = 3*h**3 + h**2 - h + 1. Let d be i(1). Suppose d*z - 5*z + 23 = 0. What are the prime factors of z?
23
Let o be ((-5)/(-10))/(2/76). Suppose 5*y + o + 31 = 0. Let s = y - -16. List the prime factors of s.
2, 3
Let v = 17 - 7. Let o be ((-63)/(-6))/(-7)*-24. Suppose -v + o = 2*t. What are the prime factors of t?
13
Suppose 271 = 9*p - 6*p + c, -3*c = -p + 107. What are the prime factors of p?
2, 23
Suppose 0 = -y + 159 + 7. What are the prime factors of y?
2, 83
Suppose 0 = -2*l + v + 50, -4*l - 5*v - 16 = -5*l. Suppose -4*g = 2 - l. Suppose 3*p + 6 = g*p. List the prime factors of p.
2
Let n = 5 - 14. Let f = 22 + n. What are the prime factors of f?
13
Let v = 896 + -516. List the prime factors of v.
2, 5, 19
Let k = 1 + 5. Let u = k - 7. Let c = u + 9. What are the prime factors of c?
2
Let x(q) = 5*q**2 + 5*q + 4. What are the prime factors of x(-6)?
2, 7, 11
Let p(q) = q**2 - 5. Let g be p(0). Let n = 5 + g. Suppose -17 = -3*d + 6*i - i, n = 4*d - 5*i - 21. What are the prime factors of d?
2
Suppose 3*d + 4 = 5*d. Suppose 0 = -d*y - 5 + 17. Let o(c) = c**2 - 3*c - 1. What are the prime factors of o(y)?
17
Suppose 2*s = -5*v + 278 - 12, -4*v - 2*s + 212 = 0. List the prime factors of v.
2, 3
Let f(o) = -o**2 + 24*o - 7. List the prime factors of f(10).
7, 19
Suppose -49 - 19 = -f. What are the prime factors of f?
2, 17
Suppose -2*k = 3*x - 139, -5*x - 3*k + 185 = -x. List the prime factors of x.
47
Let m be 18/3 - (5 - 2). Suppose 21 = 3*v + m*j, -j = -v - 2*v + 21. List the prime factors of v.
7
Suppose 6*b - 3*b - 9 = 0. Suppose -b*x - x + 136 = 0. List the prime factors of x.
2, 17
Let c be (-14)/(-3) + 8/(-12). Let p be c/(-10) - (-104)/10. Let v = -3 + p. List the prime factors of v.
7
Let v(i) = -i**2 + 9*i + 3. Let m be v(9). Suppose m*h + 3 = 27. What are the prime factors of h?
2
Let y(r) = 4*r**3 + 2*r**2 - r. Let w(k) = -k**2 + 6*k - 3. Let d be w(4). Suppose h = d*h - a - 3, -3*a = -3*h. What are the prime factors of y(h)?
5
Let n = 21 - 31. Let a = n - -20. List the prime factors of a.
2, 5
Suppose -d + 2 = 0, -j - 4*j + d = -13. Let b = j - 0. Suppose -2*m + 11 = -s, 0 = 5*s - b - 2. List the prime factors of m.
2, 3
Suppose 2*m = -3*p - 14, 0*m + 3*m + 2 = 5*p. Let k = 5 + m. Let c = k - -10. List the prime factors of c.
11
Let f be (0 - 0/2) + -1. Let r(l) = -6*l**3 - 2*l**2 + 1. Let v be r(f). Suppose -3*w - 34 = -4*o, -v = -o - w + 7. What are the prime factors of o?
2, 5
Suppose -88 = -4*m - 2*t, t - 84 = -5*m + 29. What are the prime factors of m?
23
What are the prime factors of (-20 + -5)*(-2 + 1)?
5
Let t be 1 - (-1 + 0)*3. Suppose -4*v = -4*p + t, p - 5*v - 2 = -5. Suppose -15 = -p*n - n. List the prime factors of n.
5
Let b = 305 - 164. List the prime factors of b.
3, 47
Let u = 10 + -7. Suppose u*v - v = 0. List the prime factors of 2 + 2 + (v - -4).
2
Let y(b) = -4*b + 4. Let t(j) = j. Let n(k) = -3*t(k) - y(k). Let m be n(5). Let g(h) = 2*h. What are the prime factors of g(m)?
2
Let d(g) = g**2 + 5*g - 15. List the prime factors of d(-11).
3, 17
Let p = 14 - 10. Let n = 28 - 7. Suppose 2*h + 24 = 3*z, p*h - h = 2*z - n. What are the prime factors of z?
2, 3
Let s = 231 + -132. What are the prime factors of s?
3, 11
Suppose 0 = 3*v - 4 - 26. Suppose -s + v = s. Suppose 2*c = 5*j - 45, 0*j - s*c = 2*j + 11. List the prime factors of j.
7
Let u = -182 + 284. List the prime factors of u.
2, 3, 17
Let o = 407 - 196. List the prime factors of o.
211
Let r = 87 + -58. What are the prime factors of r?
29
Let i(m) = -2*m**3 + 2*m - 2. Let b be i(-3). Suppose 3*h = 7*h + 108. Let n = h + b. List the prime factors of n.
19
Suppose -13*v = -10*v - 300. What are the prime fact